the tens digit of 24607?
0
What is the hundreds digit of 136329?
3
What is the units digit of 12388?
8
What is the thousands digit of 5836?
5
What is the tens digit of 14469?
6
What is the thousands digit of 4360?
4
What is the hundreds digit of 23049?
0
What is the ten thousands digit of 18023?
1
What is the tens digit of 465?
6
What is the hundreds digit of 372?
3
What is the units digit of 6797?
7
What is the ten thousands digit of 78588?
7
What is the tens digit of 5987?
8
What is the tens digit of 7313?
1
What is the units digit of 7909?
9
What is the thousands digit of 1581?
1
What is the hundreds digit of 3186?
1
What is the units digit of 769?
9
What is the hundreds digit of 7854?
8
What is the units digit of 36094?
4
What is the units digit of 847?
7
What is the thousands digit of 2212?
2
What is the ten thousands digit of 68751?
6
What is the tens digit of 24650?
5
What is the hundreds digit of 35775?
7
What is the thousands digit of 3175?
3
What is the ten thousands digit of 13485?
1
What is the units digit of 545?
5
What is the units digit of 992?
2
What is the ten thousands digit of 22639?
2
What is the hundreds digit of 3831?
8
What is the tens digit of 1256?
5
What is the hundreds digit of 2240?
2
What is the units digit of 25743?
3
What is the thousands digit of 2630?
2
What is the thousands digit of 6860?
6
What is the thousands digit of 5863?
5
What is the hundreds digit of 3878?
8
What is the ten thousands digit of 30964?
3
What is the units digit of 34391?
1
What is the ten thousands digit of 57297?
5
What is the hundreds digit of 20507?
5
What is the tens digit of 395?
9
What is the tens digit of 7716?
1
What is the tens digit of 742?
4
What is the tens digit of 1114?
1
What is the hundreds digit of 1034?
0
What is the tens digit of 7147?
4
What is the tens digit of 9819?
1
What is the units digit of 23959?
9
What is the units digit of 11420?
0
What is the thousands digit of 5723?
5
What is the hundreds digit of 615?
6
What is the hundreds digit of 950?
9
What is the tens digit of 36?
3
What is the hundreds digit of 1122?
1
What is the hundreds digit of 368?
3
What is the hundreds digit of 2407?
4
What is the tens digit of 2510?
1
What is the ten thousands digit of 11614?
1
What is the hundreds digit of 327?
3
What is the thousands digit of 8557?
8
What is the units digit of 1628?
8
What is the thousands digit of 16554?
6
What is the tens digit of 18242?
4
What is the tens digit of 72726?
2
What is the units digit of 195?
5
What is the tens digit of 546?
4
What is the hundreds digit of 9095?
0
What is the thousands digit of 3031?
3
What is the tens digit of 2224?
2
What is the tens digit of 2484?
8
What is the tens digit of 3704?
0
What is the hundreds digit of 1374?
3
What is the units digit of 15597?
7
What is the thousands digit of 47054?
7
What is the tens digit of 509?
0
What is the tens digit of 1482?
8
What is the units digit of 9152?
2
What is the hundreds digit of 128438?
4
What is the units digit of 361?
1
What is the tens digit of 81?
8
What is the ten thousands digit of 57089?
5
What is the hundreds digit of 16195?
1
What is the units digit of 16966?
6
What is the hundreds digit of 64676?
6
What is the units digit of 7722?
2
What is the hundreds digit of 62797?
7
What is the units digit of 5160?
0
What is the tens digit of 7047?
4
What is the units digit of 11542?
2
What is the hundreds digit of 63611?
6
What is the thousands digit of 5338?
5
What is the units digit of 582?
2
What is the tens digit of 96853?
5
What is the thousands digit of 5992?
5
What is the tens digit of 1471?
7
What is the tens digit of 778?
7
What is the ten thousands digit of 190090?
9
What is the thousands digit of 1323?
1
What is the units digit of 7697?
7
What is the units digit of 1558?
8
What is the hundreds digit of 23013?
0
What is the hundreds digit of 1744?
7
What is the hundreds digit of 1183?
1
What is the tens digit of 163?
6
What is the ten thousands digit of 140029?
4
What is the hundreds digit of 436?
4
What is the hundreds digit of 1964?
9
What is the tens digit of 9061?
6
What is the hundreds digit of 78972?
9
What is the units digit of 4117?
7
What is the thousands digit of 1796?
1
What is the units digit of 1774?
4
What is the units digit of 1991?
1
What is the ten thousands digit of 40960?
4
What is the tens digit of 243?
4
What is the units digit of 5328?
8
What is the ten thousands digit of 80113?
8
What is the hundreds digit of 64882?
8
What is the tens digit of 480?
8
What is the tens digit of 929?
2
What is the thousands digit of 7496?
7
What is the hundreds digit of 7568?
5
What is the ten thousands digit of 24837?
2
What is the ten thousands digit of 14390?
1
What is the tens digit of 765?
6
What is the thousands digit of 1340?
1
What is the hundreds digit of 1058?
0
What is the hundreds digit of 20797?
7
What is the hundreds digit of 96648?
6
What is the tens digit of 80?
8
What is the units digit of 1127?
7
What is the tens digit of 744?
4
What is the thousands digit of 38878?
8
What is the tens digit of 36958?
5
What is the units digit of 3841?
1
What is the tens digit of 36508?
0
What is the tens digit of 8460?
6
What is the tens digit of 528?
2
What is the thousands digit of 25820?
5
What is the thousands digit of 2517?
2
What is the units digit of 5545?
5
What is the hundreds digit of 10253?
2
What is the tens digit of 9938?
3
What is the hundreds digit of 4625?
6
What is the tens digit of 31517?
1
What is the tens digit of 3731?
3
What is the ten thousands digit of 172330?
7
What is the units digit of 39997?
7
What is the tens digit of 16597?
9
What is the units digit of 10209?
9
What is the hundreds digit of 991?
9
What is the units digit of 119?
9
What is the tens digit of 6791?
9
What is the ten thousands digit of 27632?
2
What is the units digit of 2221?
1
What is the hundreds digit of 377?
3
What is the units digit of 20959?
9
What is the hundreds digit of 18122?
1
What is the hundreds digit of 1833?
8
What is the ten thousands digit of 13370?
1
What is the thousands digit of 95746?
5
What is the hundreds digit of 18058?
0
What is the tens digit of 2531?
3
What is the units digit of 1558?
8
What is the hundreds digit of 12181?
1
What is the tens digit of 5958?
5
What is the tens digit of 49340?
4
What is the hundreds digit of 48993?
9
What is the hundreds digit of 39528?
5
What is the hundreds digit of 2158?
1
What is the hundreds digit of 55482?
4
What is the thousands digit of 54223?
4
What is the tens digit of 124206?
0
What is the ten thousands digit of 18758?
1
What is the units digit of 8800?
0
What is the tens digit of 727?
2
What is the hundreds digit of 24290?
2
What is the tens digit of 2819?
1
What is the hundreds digit of 646?
6
What is the thousands digit of 20388?
0
What is the tens digit of 751?
5
What is the hundreds digit of 2351?
3
What is the hundreds digit of 1069?
0
What is the ten thousands digit of 51103?
5
What is the tens digit of 59607?
0
What is the units digit of 2171?
1
What is the hundreds digit of 1190?
1
What is the hundred thousands digit of 115852?
1
What is the thousands digit of 8858?
8
What is the tens digit of 2085?
8
What is the tens digit of 431?
3
What is the hundreds digit of 381?
3
What is the units digit of 99680?
0
What is the hundreds digit of 69263?
2
What is the ten thousands digit of 43043?
4
What is the ten thousands digit of 14574?
1
What is the tens digit of 142?
4
What is the tens digit of 1330?
3
What is the thousands digit of 106215?
6
What is the units digit of 3309?
9
What is the ten thousands digit of 19524?
1
What is the thousands digit of 18559?
8
What is the hundreds digit of 5060?
0
What is the units digit of 89568?
8
What is the hundreds digit of 1085?
0
What is the tens digit of 8508?
0
What is the hundreds digit of 759?
7
What is the ten thousands digit of 19441?
1
What is the ten thousands digit of 86789?
8
What is the units digit of 17293?
3
What is the thousands digit of 50086?
0
What is the units digit of 573?
3
What is the tens digit of 7907?
0
What is the tens digit of 51951?
5
What is the hundreds digit of 2132?
1
What is the tens digit of 51114?
1
What is the hundreds digit of 2344?
3
What is the hundreds digit of 2428?
4
W